+ 1 + (-4 - 1). Suppose 103 - 27 = w*h. Calculate the remainder when 72 is divided by h.
15
Let v be 12206/102 - (-1)/3. Suppose -138*l + 630 = -v*l. What is the remainder when 104 is divided by l?
34
What is the remainder when 2791 is divided by 225*(-9 + (-506)/(-55))?
1
Let u(f) = 3*f + 3. Let l be u(3). Let y(o) = o**2 - 13*o + 15. Let v be y(l). Suppose 0 = v*h - 13*h + 400. Calculate the remainder when 155 is divided by h.
35
Suppose -3*p + 218 = p + 2*v, -3*p - 2*v + 163 = 0. What is the remainder when p is divided by 15?
10
Suppose 14*s - 38 = 10*s - 2*j, 3*j = 5*s - 53. Suppose -5*u = 6*q - 4*q - 34, -5*q = -s. What is the remainder when u is divided by (3 + -2)/(2/10)?
1
Let p(i) = -47*i**3 + i**2 + 5. Let z be p(-2). Suppose 0 = 25*x - z - 1340. Calculate the remainder when x is divided by 44.
25
Suppose 68 = 4*m + 3*h + h, -4*m + 98 = -2*h. Suppose 3*u + m = -17*t + 19*t, -5*t - 5*u + 80 = 0. Calculate the remainder when t is divided by 3.
2
Suppose 0 = 10*p - 8*p - 78. Calculate the remainder when (292/(-6))/(1/((-27)/9)) is divided by p.
29
Let c(b) = 2*b**2 - 9*b - 33. Suppose 3*d - 3*n + 27 = -0*n, -4*d - 9 = 5*n. Calculate the remainder when c(d) is divided by 19.
17
Suppose -9 = 716*b - 713*b, 4*b - 230 = -n. Calculate the remainder when 1227 is divided by n.
17
Suppose -80*a + 74*a + 528 = 0. What is the remainder when 492 is divided by a?
52
Let q(c) = -2*c**3 - 9*c**2 + 4*c + 3. Let g be q(-5). Suppose -28 - 140 = -g*n. Calculate the remainder when 25 is divided by n.
4
Let w be (-416)/(-10) + (-2 - (-36)/15). Let j = w + -38. Suppose 0*t + 5*t = k - 25, 3*k = j*t + 53. What is the remainder when 42 is divided by k?
12
Let u(g) = 366*g - 7. Let o be u(2). Calculate the remainder when 0 + (-13)/(-39) + o/3 is divided by 35.
32
Let a(t) = 3*t**2 + 3*t + 2. Let q be a(-1). Suppose 0 = 7*p - q*p - 65. Suppose 0 = 3*c - 19 + 7. Calculate the remainder when p is divided by c.
1
Suppose 4*h + 0*h - 2*y - 20 = 0, 0 = 3*y. What is the remainder when 638 is divided by h?
3
Let q = 1807 - -1601. Suppose 100*r + q = 112*r. Calculate the remainder when r is divided by 48.
44
Suppose -j + 2*o + 68 = -23, -j - 3*o + 81 = 0. Let f = j - 47. What is the remainder when (150/(-4))/((-20)/f) is divided by 19?
18
What is the remainder when (384/20)/(27/2520) is divided by 23?
21
Let y = 199 - 204. Calculate the remainder when 89 is divided by (y/(-15))/(7/567).
8
Let a = 3139 + -2794. Calculate the remainder when a is divided by 89.
78
Suppose 7*h = 11*h + 1552. Let j = -371 - h. Calculate the remainder when 58 is divided by j.
7
Let h = -4654 - -5045. What is the remainder when 1908 is divided by h?
344
Calculate the remainder when 8/(5/30 + (-1378)/8412) is divided by 700.
4
Let m be 1 + -1 + (3 - -14)*2. Let r(k) = k**2 - 3*k + 1. Let w be r(4). Suppose -w*g + m = -3*g. Calculate the remainder when 33 is divided by g.
16
Let i = 79 - 26. Let b = -3 + i. What is the remainder when b is divided by 19?
12
Let g be 8/16 - (-222)/(-4). Let d be g/(-2) + (-2)/(-4). Let t = -21 + d. What is the remainder when 24 is divided by t?
3
Let b(o) = 608*o + 5089. Calculate the remainder when b(-8) is divided by 137.
88
Let m(c) = 120 - 30*c + 222 - 364. Let i = -10 - -6. What is the remainder when m(i) is divided by 20?
18
Suppose -3*k = 5*z - 256, -81*k + 4*z = -80*k - 57. Let f(r) = -20*r**3 - r - 1. Let l = -3 - -2. Calculate the remainder when k is divided by f(l).
17
Calculate the remainder when (107 - 1/(-1))*10/(-2 + 12) is divided by 38.
32
Suppose -4*z = -4*j - 2104, 170 + 364 = z + 3*j. Suppose 2*u - 14*u = -z. Calculate the remainder when u is divided by 8.
4
Let x be (-9)/((-72)/56) + 227. Suppose 4*b - 5*r - 342 = -128, 4*b - x = -5*r. What is the remainder when 111 is divided by b?
55
Let i(r) = -4*r**2 + 19*r + 3. Let t(k) = -13*k - 2*k**2 - 2 - 15*k**2 + 20*k**2. Let q(j) = 5*i(j) + 7*t(j). What is the remainder when 7 is divided by q(1)?
1
Let k(u) be the second derivative of u**3/6 + 27*u**2/2 + 95*u. Let v = 17 - 1. What is the remainder when v is divided by k(-18)?
7
Suppose 7*b - 7728 = -6*b - 29*b. Suppose -3*i + 2*i + 21 = 0. What is the remainder when b is divided by (-93)/(-2)*14/i?
29
Let j = 1559 + -1235. What is the remainder when j is divided by 104?
12
Let v(h) = -2*h**3 + 8*h + 18. Let z(w) = w**2 + 13*w + 39. Let b be z(-7). What is the remainder when v(b) is divided by 21?
6
Let c(a) = 3*a**2 - 9*a - 40. Suppose 4*z - 131 = 45. What is the remainder when z is divided by c(-3)?
2
Let r be (-3)/(-1) + (-4)/(2/(-1)). Let j(h) = 4*h + 29. What is the remainder when j(r) is divided by 1/(-2)*(-33 - (3 + -2))?
15
Let q be 123/(15/110*2). Let p = 109 + q. Calculate the remainder when p is divided by 17.
16
Suppose -15*d - 173 = 202. Let j = d + 70. Suppose -4*t + 2*r - 21 = -113, -4*t - 2*r = -92. Calculate the remainder when j is divided by t.
22
Let q = 16 - -16. Let z = q + -11. Let s = z + -13. Calculate the remainder when 77 is divided by s.
5
Suppose -13309 + 9457 = -142*x + 12762. What is the remainder when 2216 is divided by x?
110
Suppose 3*b - 14 - 40 = 5*w, -b + w = -20. What is the remainder when 909 is divided by b?
12
Suppose 0 = 21*g + 31*g + 9412. Let u = g + 213. Suppose 317 = 5*f + 3*q - 304, 636 = 5*f - 2*q. What is the remainder when f is divided by u?
30
Suppose 2*l - 2*m = 22, -l - 32 = -3*l + 4*m. What is the remainder when l is divided by (-5)/(100/(-8))*(6 + -1)?
0
Let d be 3 + 2 + 4 - (4 - 0). Suppose 0 = -c - t + 22 + 7, -d*t = -2*c + 23. Suppose 5 = -3*v + 14. Calculate the remainder when c is divided by v.
0
What is the remainder when 5129 is divided by (0 - (0 - 1))*(-6 + 62 + 3)?
55
Suppose -x = 4*y - 155, -5*x - 122 = -5*y + 2*y. Let p = -4 - y. Let i = 73 + p. Calculate the remainder when i is divided by 15.
0
Calculate the remainder when 812 is divided by 6 - ((16 - (-128)/(-8)) + 1*-22).
0
Calculate the remainder when 52 is divided by (-20)/((-100)/35)*1.
3
Suppose -25*y + 239 + 229 = -532. What is the remainder when 198 is divided by y?
38
Let j = -3148 + 4192. Calculate the remainder when j is divided by 55.
54
Let f = 13832 - 13690. What is the remainder when 9227 is divided by f?
139
Suppose 2*s + 2*p = 86, 5*s + 0*p + 3*p = 219. Suppose 42*x = -1832 + 8888. Suppose x = 11*g - 85. What is the remainder when s is divided by g?
22
Let q = -35 - -32. Let i be (-1)/3 - 16/q. Suppose 3*o = -6*t + 3*t + 72, -4*o + i*t = -69. What is the remainder when 60 is divided by o?
18
Let s = 6289 - 6266. What is the remainder when s is divided by 8/4 + 10/2?
2
Suppose 4*n - 703*d = -698*d + 115, 0 = -5*n + d + 170. What is the remainder when 968 is divided by n?
23
Suppose -3006 = 2*g - w - 3014, -3*g - 5*w = -64. Suppose -31 - 15 = 3*b + 2*p, 0 = -4*p - 8. Calculate the remainder when g is divided by 2/(-7) + (-74)/b.
3
Suppose -3 + 21 = 6*j. Suppose -3*y + c - 1 + 34 = 0, 3*c - 33 = -j*y. Calculate the remainder when 75 is divided by y.
9
Let x(i) = -20*i - 164. Let t = 150 + -160. Calculate the remainder when x(t) is divided by 10.
6
Suppose -9 = v - 13. Suppose -2*q - 2*u + v = 0, 5*u + 0 = -2*q - 2. Suppose -q*f - f = -140. What is the remainder when f is divided by 6?
4
Let n be 18/(0 - 2)*(-113 + 14). Suppose -3*o + n = 4*j, -12*j + 458 = -10*j + 4*o. Calculate the remainder when j is divided by 44.
43
What is the remainder when 556 is divided by (-1629)/1086*(-1 + -53)?
70
Let l(s) = 2*s**3 + 3*s**2 - s + 7. Let c = -36 + 33. Let g be l(c). Let x(u) = u**3 + 16*u**2 - 20*u - 41. What is the remainder when 27 is divided by x(g)?
7
Let i = -15 - -26. Let g(n) = -2*n**2 - 32*n - 13. Suppose p + 14 = t, 4*t - 8*t = 0. Calculate the remainder when g(p) is divided by i.
10
Let y be 54/(-10)*225/(-135). Suppose 3*h - y*h = -108. Calculate the remainder when 395 is divided by h.
17
Let u(j) = -9*j - 278. What is the remainder when u(-35) is divided by 11?
4
Suppose -145 = -2*a - 3*a. Suppose 3*k + 19 = 2*n, 2*n + 11 = 6*n + 3*k. Suppose -137 = -n*z - 97. What is the remainder when a is divided by z?
5
Suppose -26*r + 4332 = -1882. Calculate the remainder when r is divided by 124.
115
Suppose -16*u + 318 = -10*u. Suppose -1 = z - u. What is the remainder when z is divided by (-3)/6 - 148/(-8)?
16
What i